3*f + a. Suppose -3*v + 10 = -i + 36, 0 = -4*i - f*v + 164. Suppose 125 + i = h. Is h a prime number?
True
Suppose -995517 = -5*m + 2*p, -224258 = -2*m + 4*p + 173952. Is m a prime number?
True
Suppose -64*z + 6*z = 87*z - 4800805. Is z a prime number?
False
Suppose 2*k - 2*u - 14 = 0, -2*k - 17 = -4*k + 5*u. Let q(c) = 3*c**2 + 19*c - 15. Let h be q(k). Suppose h = 5*s - 623. Is s prime?
False
Is ((-115982)/14*-2)/((-7)/(-49)) a prime number?
False
Let w be 98*(-6 + 56/7). Suppose -2*n - 3 = 7. Let o = n + w. Is o a prime number?
True
Let c(h) = 331*h**3 + h - 2. Let x = 7 - 16. Let f(p) = 661*p**3 + 3*p - 4. Let z(m) = x*c(m) + 4*f(m). Is z(-1) a prime number?
False
Suppose -m - 2*p = -6*m + 344, 3*p = -2*m + 130. Let f = m + -70. Is 1/(-4)*f - (-369)/2 a prime number?
False
Is (7 - -6909)/4 + 6 + (-8 - -4) a prime number?
False
Let u be (2 + -5)/((-6)/4). Let b = -596 + 599. Suppose u*n = b*y + 2363, 0*n + 5*n = 2*y + 5891. Is n a prime number?
False
Let l = 37 - 29. Let j(w) = -w + 11. Let t be j(l). Is (2 + 3891 - t)*1/2 composite?
True
Suppose 3*c - 5432 = -i, 20856 + 862 = 4*i + 2*c. Is i composite?
True
Suppose 0 = -g - 5*k - 1, 5*g - 5*k + 35 = -0*g. Let n = g - -4. Is 2084/6*(-3)/n a composite number?
False
Let b = -58 + 76. Let h(m) = -b*m**2 + 233*m**2 + 2*m + 1 + 255*m**2. Is h(-1) a prime number?
False
Is (14197/2)/((-13)/(-26)) a prime number?
True
Let w(d) = -811*d**3 + 8*d**2 + 47*d + 383. Is w(-9) prime?
True
Suppose 3*n - 537 = s, 4*n + s = 6*n - 359. Let i(j) = -58*j - 20*j - 66*j + 5 - n*j. Is i(-2) a prime number?
False
Suppose -10*v + 114634 + 44112 = -3*u, 5*u = -4*v + 63548. Is v composite?
False
Let w(b) = -b - 2. Let s be w(1). Let g be s/6 + 6/4 + -1. Is (g/1 - -125) + -2 a prime number?
False
Suppose -5*v + x + 8 = 2, 4*v + 3*x = 20. Let k = v + 1. Suppose k*u = -6*u + 1899. Is u a prime number?
True
Suppose k - 137470 = 4*i - 987059, 3*i = -4*k + 637225. Is i a composite number?
True
Let w(u) = -2*u**3 - 26*u**2 + 48*u + 28. Let v be w(-16). Let q be 2/(-9) - 842/18. Let d = v + q. Is d a composite number?
True
Let f(a) = 7*a - 83*a**2 - 2*a + 616*a**2 + 10. Is f(3) a composite number?
True
Let v(u) = 1117*u**2. Suppose -4*r + 5*x - 16 = 0, -x - 11 = -3*r - 3*x. Is v(r) prime?
True
Let a(w) = -26*w**3 + w**2 + 35*w + 21. Is a(-13) prime?
True
Let v(x) = 877*x**2 - 3*x - 3. Is v(-17) a composite number?
False
Let r = 34481 + 367350. Is r prime?
False
Let k = 109763 + -45814. Is k composite?
False
Let f be (-4)/8*-1*30/3. Suppose -5*j + 10 = 0, 3*v - f*j + 8*j = 117. Suppose 33*c + 11228 = v*c. Is c a prime number?
False
Suppose t - 2238 = -534. Suppose 4*u - 1277 = -5*k + 5414, u - t = 5*k. Is u composite?
True
Let a be (2*44)/(16/200). Suppose -5231 = -9*r - a. Suppose 5*t = -4*p + 3151, 4*t - r = -2*p + 2063. Is t a composite number?
False
Let c(b) = -8*b + 9. Let h = -42 + 33. Let v be c(h). Suppose -j = -1058 - v. Is j prime?
False
Suppose 22186418 = 122*y - 5570900. Is y a composite number?
False
Let b = 1398887 + -543106. Is b prime?
True
Suppose -6*p - 25 = -61. Suppose 8*n = 5*n - p. Is 819 + (0/(n/(-1)) - -2) a prime number?
True
Let n(d) = 2*d + 33. Let s(k) = k**2 + 11. Let w be s(0). Let r be n(w). Suppose -r*l = -58*l + 1239. Is l prime?
False
Suppose l = 5*f - 224296, f + 4*l - 44855 = -0*f. Is (-2)/6 - (-3 - f/9) a composite number?
False
Let x = 38 - 38. Suppose x*u - u = -337. Let p = 982 + u. Is p prime?
True
Let l be (0 + 2)/(2 - 4) + 3. Suppose 3*o = -5*x - 2*o, -3 = -x - l*o. Is 717*-5*1/x a composite number?
True
Suppose 5 = 5*g, -5*g + 4*g + 5 = -2*q. Is 3 + 5868/(-2 + 4) - q a composite number?
False
Suppose -1 = -4*n + 15. Suppose n*w + 11*w - 35025 = 0. Is w a prime number?
False
Let n = 842 + -912. Let q = 2749 - n. Is q composite?
False
Let h(q) = -49 + 8*q + 31*q - 11*q + 16. Suppose 0 = m - 13. Is h(m) composite?
False
Suppose -7*w - 64 = w. Let b(z) = z**2 + 6*z - 13. Let a be b(w). Suppose 6*f = a*f, y - 419 = -f. Is y composite?
False
Let p = 2585 - 1214. Suppose -5*b + 2*b + p = 0. Is b a composite number?
False
Let d be (-14)/((-2)/(-1)) + 7. Suppose d = -3*j + 9, 56*v - 16478 = 51*v - j. Is v a prime number?
False
Suppose 4973078 = 5358*h - 5336*h. Is h a prime number?
False
Let g be ((-108)/(-42))/((-6)/(-56)). Let v be 66/4*448/g. Suppose -3*z = -7*z + v. Is z a composite number?
True
Let u = -36 + 36. Suppose 6*w - 3*w + y - 4118 = u, 0 = 2*w + 2*y - 2744. Is w a composite number?
False
Suppose -5*j + 3*j = -67756. Let h = j - -10899. Is h prime?
True
Suppose -d - 4*g = -14, 0*d - 5*d + 118 = 4*g. Suppose -d*h = -28*h + 6550. Suppose 3*q - h = -2*q. Is q a prime number?
False
Let c(t) = 6086*t**2 - 3*t - 3. Let x be c(-1). Suppose 1114 + x = l. Suppose 3*i + 3603 = 2*z, -4*z + 9*i + l = 5*i. Is z a prime number?
False
Suppose 0 = -20*p + 55*p. Is 11*(1969 + p - -4) prime?
False
Suppose 990*n = -5*v + 986*n + 1408025, -n - 844832 = -3*v. Is v a prime number?
True
Let w(t) = 65*t**3 - 3*t**2 - 3*t**2 - 184*t**3 - 2*t - 7 + 61*t**3 + 59*t**3. Suppose -5*z = -j - 18 - 30, z - 2*j = 6. Is w(z) a composite number?
False
Suppose 3*a = -4*l + 6*l - 9, 4*l = 3*a + 15. Let u(j) = 2215*j**2 - 1 - 793*j**2 + 516*j**2. Is u(a) a composite number?
True
Let l(a) = -7*a**3 + 2*a**2 - 2*a + 1. Let o = 23 + -22. Let f be l(o). Is 9840/6 - f/(6/(-3)) composite?
False
Let f(j) = -j**3 + j**2 + j + 3. Let n be f(0). Suppose 2931 = 2*d - 13*h + 18*h, h = -n. Is d composite?
True
Is 476/6902 - (-1231889)/29 a prime number?
False
Let c be (-16)/3 - 22/(-66). Let v(x) = 64*x**2 + 9*x - 12. Is v(c) composite?
False
Let y(z) be the third derivative of z**6/60 + 19*z**5/20 - 3*z**4/8 + 5*z**3/6 + 2*z**2 - 5*z. Is y(-27) a prime number?
False
Let h = -4011 - -49064. Is h composite?
False
Let m = -16 + 16. Suppose -2*u - 3*u - 20 = m, 5*u - 20 = 4*s. Is (-446)/5*25/s composite?
False
Suppose -4*a - 157674 = -1342750. Is a prime?
True
Suppose 44*j = 54*j + 15440. Let i = -2599 + 6244. Let d = j + i. Is d a prime number?
False
Let u(v) be the third derivative of -17*v**6/120 + v**5/5 + v**4/24 - 19*v**3/6 + 32*v**2. Is u(-6) a composite number?
False
Suppose 0*q - 4*q - 38 = 2*x, 5*q = -3*x - 47. Let u be (5/q)/((-2)/(-4)). Is (2540/16)/(u/(-4)) prime?
False
Let t(x) be the first derivative of 49*x**3/3 - 8*x**2 - 16*x - 67. Is t(13) composite?
True
Let h(l) = 7*l**3 + 9*l**2 + 21*l - 141. Is h(20) prime?
True
Let f = 1158092 + -178285. Is f composite?
False
Suppose -29*l + 71*l = -105*l + 1176. Let b(h) = -1963*h + 164. Let t(w) = 491*w - 41. Let s(u) = 2*b(u) + 9*t(u). Is s(l) composite?
True
Suppose -5*y - 124*y = -9196037 - 12653854. Is y prime?
False
Let f(l) = 12148*l - 929. Is f(7) a composite number?
True
Let z(m) = 61275*m**3 - 2*m**2 - 101*m + 197. Is z(2) prime?
False
Let c(s) = -103*s**3 + 4*s**2 - 87*s - 1577. Is c(-27) composite?
False
Let z(d) = -16*d**2 + 709*d + 35. Is z(24) composite?
True
Suppose 2*a = 2*y - 447802, 717*a - 447798 = -2*y + 721*a. Is y a composite number?
False
Let k(o) = 8*o**2 - 4*o - 1. Let z be k(5). Let h(x) = 8*x + 25. Let v be h(-3). Is (-1)/1 + z/v composite?
True
Suppose 2*d = d + 3. Suppose -d*s - 2*o = -0*o - 4048, 3*s + 3*o - 4053 = 0. Suppose 2*r = -0*r + s. Is r a prime number?
True
Suppose -3*a - 3*c + 2*c + 70175 = 0, -5*c - 46772 = -2*a. Suppose 4*m + p - 31199 = 0, -6*m = -9*m + 2*p + a. Is m prime?
False
Is (-665)/570 + (-10190055)/(-18) composite?
True
Suppose -3*x - 4 = -o, -4*o + 30 = -2*x + 24. Is (156/48)/(o/148) composite?
True
Let a(w) = 146*w**2 - 3*w - 4. Let i be (2/(-8))/(3/(-804)). Let h = i + -70. Is a(h) prime?
True
Let b = 806 + 5224. Let c = -973 + b. Is c prime?
False
Let r = -41 - -38. Let i be (-374)/3 + r + (-11)/(-3). Is ((-2)/1 - -5) + (0 - i) a composite number?
False
Let t(a) = 2*a**3 - 3*a**2 - 14*a + 11. Suppose 26 = 3*c - 2*q - 2, 4*c + 4*q - 4 = 0. Is t(c) composite?
False
Suppose -16*s - 89890 = -3*a - 15*s, 3*s = 4*a - 119845. Suppose 2*t + 3*g - 17268 = 2710, -a = -3*t - 4*g. Is t a composite number?
True
Suppose -6631612 = -33*m - 19*m. Is m prime?
False
Let n(i) = -i**2 - 18*i + 11. Let a be n(-18). Let d(l) = l**3 - 4*l**2 - 18*l + 4. Is d(a) prime?
True
Let h = 397 - 208. Let c = 19 + h. Suppose -211*b = -c*b - 429.